ded by 15.
13
Let h = 111 + -196. Let d = 51 + h. What is the remainder when 33 is divided by (-1 - 1)*d/4?
16
Suppose -3 = x - 10. Suppose -l + 3*c = x + 2, 2*l + 4*c = 22. Calculate the remainder when 8 is divided by l.
2
Suppose 5*w = 24 - 9. Suppose -3*y - 2*s - s = -102, 107 = w*y - 2*s. What is the remainder when y is divided by 12?
11
Let x(a) = a**3 + 6*a**2 - 7*a - 8. Let r be x(-7). Let k = r + 14. Calculate the remainder when 9 is divided by k.
3
Calculate the remainder when 90/4 + 1/2 is divided by 6*2/(-4) + 11.
7
Suppose 2*f = 4*f - 2. Calculate the remainder when 27 is divided by (-1)/(f/(-12)) - -2.
13
Suppose 4*b = y + 6 - 1, b + 4 = 2*y. Suppose b*s - 51 = -s. Calculate the remainder when 31 is divided by s.
14
Suppose -4*b + j = -37, 4*b = b + 3*j + 39. Let g = 13 - b. Suppose -4*l = -8 - 0. What is the remainder when g is divided by l?
1
Let c(w) = -11*w - 1. Let v be c(-3). Let n = 54 - v. What is the remainder when 63 is divided by n?
19
Let j be (-83 - -2) + 4/1. Calculate the remainder when 61 is divided by j/(-5) + 9/15.
13
Let z(v) = -14*v - 7. Let t be z(-5). Let y = t + -35. What is the remainder when y is divided by 10?
8
Let p(m) = 2*m**3 - m**2 - 1. Suppose -16 + 1 = -3*d. Let w(v) = v**3 - 4*v**2 - 4*v + 2. What is the remainder when p(2) is divided by w(d)?
4
Suppose 0 = -0*b + b - 5*d - 18, -8 = 4*d. Let i = 16 - b. Suppose 2*z - 1 = 9. Calculate the remainder when i is divided by z.
3
Suppose 3*o - 6*o + 6 = 0. Calculate the remainder when 34 is divided by (1 - -8) + 6/o.
10
Suppose -2*i + 65 = 2*y - 3*i, 4*i = 3*y - 105. Calculate the remainder when y is divided by 11.
9
Suppose 0 = 5*y + 20, f + 2*f + 3*y = 21. What is the remainder when 21 is divided by f?
10
Let s(p) = -p**2 - 2*p. Let n be s(-2). Suppose 0 = -q + 5*w + 28, -w - 12 = -q - n*w. Calculate the remainder when q is divided by 3.
2
Let y(q) = 6*q**2 - q + 9. What is the remainder when y(4) is divided by 27?
20
Let h(q) = -q - 4. Let g(v) = 1. Let a(u) = 3*g(u) + h(u). Let t be a(-4). Suppose -t*d + 8 = d. Calculate the remainder when 5 is divided by d.
1
Suppose 4*o + 0*s = -s + 19, -4*o - 2*s = -22. Let r(v) = 4 - v**3 + 2*v**3 - o + 5*v**2 + 3*v. Calculate the remainder when 15 is divided by r(-3).
6
Let v = 3 + -1. Let z(x) = x**v - 8 - 3*x + x**2 - x**2. What is the remainder when 17 is divided by z(6)?
7
Suppose -t + 87 = 14. Suppose 3*x = 16 + 20. What is the remainder when t is divided by ((-100)/x)/((-1)/3)?
23
Suppose -5*w + 192 = -w. Calculate the remainder when w is divided by 26.
22
Let u = 29 + -21. What is the remainder when 3/(-6)*(-45 + 1) is divided by u?
6
Suppose -8*c + 3*c = -170. Calculate the remainder when c is divided by (1/(-2))/((-2)/48).
10
Suppose 3*d - 4 - 8 = 0. Suppose -5*l + 296 = 4*x + 6, -d*x + 4*l + 272 = 0. Suppose -4*k = k - x. What is the remainder when 27 is divided by k?
13
Let c(y) = -12*y - 9. Calculate the remainder when c(-7) is divided by 20.
15
Let b(h) be the third derivative of -h**5/60 + h**4/4 + 5*h**3/6 + h**2. What is the remainder when b(6) is divided by 4?
1
Suppose -i - 2 = -13. What is the remainder when 41 is divided by i?
8
Let p = 101 - -23. What is the remainder when p is divided by 18?
16
Suppose -5*x + 4 = -21. Suppose x*n - 5*l - 105 = 0, 5*n = n + 3*l + 84. Let v = n - 5. What is the remainder when v is divided by 9?
7
Let p(m) = 29*m**3 - 2*m**2 + m + 1. Let z = 27 - 11. What is the remainder when p(1) is divided by z?
13
Let g be -2 - (2 - 2) - 9. Let h(o) = o + 21. Calculate the remainder when 18 is divided by h(g).
8
Let v(g) = 4 - g + g - g. Suppose 2*x - 4 - 8 = 0. Calculate the remainder when x is divided by v(0).
2
Let h = -8 - -13. Let r = h - 3. What is the remainder when ((-10)/(-6))/(r/6) is divided by 2?
1
Let o = -29 - -43. What is the remainder when 41 is divided by o?
13
Calculate the remainder when 54 is divided by (-38)/(-3) + 12*(-7)/(-63).
12
Suppose -3*r + w = -2*w - 3, 0 = 3*r + 5*w - 35. What is the remainder when r is divided by 2?
1
Suppose 0 = -v + 1, -3*b - v + 103 = -6*v. Let c(f) = -f**3 + 6*f**2 + 10*f - 2. What is the remainder when b is divided by c(7)?
17
Suppose 0 = -4*k + k + 75. Let m be 6/(1 + -3) + (4 - -4). Suppose -k = -m*p - 0*p. Calculate the remainder when 8 is divided by p.
3
Let r = 4 + -3. Suppose 4*y - 83 = r. Let p = 29 - 21. Calculate the remainder when y is divided by p.
5
Let x(v) be the second derivative of v**4/24 + 3*v**3/2 + v**2 - 3*v. Let r(g) be the first derivative of x(g). What is the remainder when r(8) is divided by 9?
8
Suppose 5*y - y - 88 = 0. Let h = -8 + y. Calculate the remainder when 40 is divided by h.
12
Let u(f) = 10*f - 1. Let v(j) = -j**3 + 3*j**2 - 1. Let z be v(2). Suppose 2*t = 4, 4*h = -0*t + 2*t + 56. Calculate the remainder when u(z) is divided by h.
14
Suppose -2*a + 108 = -l, -5*a - 4*l + 261 = -2*l. Suppose 0 = 5*g - 30 - 25. What is the remainder when a is divided by g?
9
Let z(d) = 30*d**2 - d. Let k be 1 + (1 - 2) - -3. Suppose 2*l - 4*h + 10 = 4*l, 2*l - k*h = -4. What is the remainder when z(l) is divided by 8?
5
Let k(u) = u**2 + 5*u. Let o be k(-5). Let h = 35 + o. Let j(s) = 11*s**3 + 2*s**2 - 1. Calculate the remainder when h is divided by j(1).
11
Suppose 5*q - 38 = -3*y, 0 = y - 3*y + 3*q. What is the remainder when 22 is divided by y?
4
Let h(r) = -13*r - 46. What is the remainder when h(-11) is divided by 14?
13
Let b = -160 - -256. Suppose 0 = 5*k + h - b, -4*h + 59 = 3*k - 2*h. Let v = 6 + k. Calculate the remainder when v is divided by 9.
7
Suppose 9*i - 11*i = -4. Let r(p) = p**2 + 4*p + 5. Let o be r(-6). Suppose f - 4*u - o = 0, 2*u = -3*f - 0 + 9. Calculate the remainder when f is divided by i.
1
What is the remainder when (-2)/(-13) + (-2748)/(-52) is divided by 18?
17
Calculate the remainder when 44 is divided by (-2)/(-3) + 138/9.
12
Let f(r) = -r**3 + 8*r**2 - 6*r + 4. Suppose l - 4*x + x - 28 = 0, 5*l - 151 = 4*x. Suppose -l = 2*u - 3*u. What is the remainder when u is divided by f(7)?
9
Let a(m) = 11*m + 8. Calculate the remainder when a(9) is divided by 27.
26
Let o be (64/24)/((-2)/(-3)). Let h = 10 - o. Calculate the remainder when 9 is divided by h.
3
Suppose -28 = 4*m - 84. Suppose -44 = 5*w - g, -2*w = -0*g + g + 12. Let t(s) = -s**2 - 12*s - 6. Calculate the remainder when t(w) is divided by m.
12
Let a(d) = 4*d**2 - 1. Let h be a(-1). Let i = -77 - -123. Suppose 4*x - i = h*x. Calculate the remainder when x is divided by 16.
14
Suppose 4*y = -3*a + y, -4*y = 5*a - 2. Let v(g) = 6*g**a - 3*g**2 - 4*g**2 - 6*g - 6. What is the remainder when 5 is divided by v(-4)?
1
Let k(r) = r**3 + 6*r**2 - 6. Let q(y) = 4*y + 7. Let u be q(-6). Let j = u - -12. What is the remainder when 36 is divided by k(j)?
17
Let v(l) = -l**2 + 4*l. Calculate the remainder when v(2) is divided by 1.
0
Let t(z) = -3*z - 7 - 5 + 2. What is the remainder when t(-12) is divided by 14?
12
Let z = 91 + -71. Calculate the remainder when 53 is divided by z.
13
Let y = -12 - -8. Let p(q) = -q - 4. Let t be p(y). Suppose t*v = v - 7. What is the remainder when v is divided by 4?
3
Suppose 0 = -r - u + 7, 17 = -r + u + 4*u. Let z(v) = -r*v + 21*v + 1 + 4*v + 4*v. What is the remainder when z(2) is divided by 18?
17
Suppose 0 = -11*m + 5*m + 288. What is the remainder when m is divided by 10?
8
Let t be 5/20 - (-130)/(-8). Let p = t - -17. Suppose f - 4 = -3*f. Calculate the remainder when f is divided by p.
0
Let o(h) = 7*h**2 - h. Let v be o(1). Suppose v + 4 = 5*i. Suppose i*g = -0*g + 88. What is the remainder when g is divided by 23?
21
Let z(d) = 11*d - 1. Let k = -21 + 62. Suppose 4*j = -h + k, -2*h - 2*j + 0*j = -112. Calculate the remainder when h is divided by z(2).
19
Suppose -5*y - 3*u = -6, 4*y + 5*u - 1 = 9. Suppose -5*r + 5*g - 2*g + 21 = y, 4*g - 30 = -3*r. Calculate the remainder when 17 is divided by r.
5
Let x(z) = -z**3 + 5*z**2 + 9*z - 6. Let q be (-6 - 3)/(3/(-2)). What is the remainder when 35 is divided by x(q)?
11
Calculate the remainder when (-26)/(-6) + (-1)/3 is divided by 3.
1
Suppose 0 = -6*s + s + 65. What is the remainder when 21 is divided by s?
8
Suppose 2*y = -4*y + 96. Calculate the remainder when 46 is divided by y.
14
Suppose 3*y - 8*y + 2*c + 13 = 0, -3*y = 3*c - 